{"id":186,"date":"2020-08-19T16:30:42","date_gmt":"2020-08-19T07:30:42","guid":{"rendered":"https:\/\/www.ls-tech.co.jp\/lstech\/?page_id=186"},"modified":"2021-03-29T11:34:09","modified_gmt":"2021-03-29T02:34:09","slug":"japanese","status":"publish","type":"page","link":"https:\/\/www.ls-tech.co.jp\/lstech\/index.php\/japanese\/","title":{"rendered":"\u65e5\u672c\u8a9e\u4f1a\u8a71\u6559\u5ba4\uff08\u306b\u307b\u3093\u3054 \u304b\u3044\u308f \u304d\u3087\u3046\u3057\u3064\uff09"},"content":{"rendered":"\n<div class=\"wp-block-image\"><figure class=\"aligncenter size-large is-resized\"><img loading=\"lazy\" decoding=\"async\" src=\"https:\/\/www.ls-tech.co.jp\/lstech\/wp-content\/uploads\/2021\/03\/nihongo_top0327.jpg\" alt=\"\" class=\"wp-image-1009\" width=\"402\" height=\"268\" srcset=\"https:\/\/www.ls-tech.co.jp\/lstech\/wp-content\/uploads\/2021\/03\/nihongo_top0327.jpg 640w, https:\/\/www.ls-tech.co.jp\/lstech\/wp-content\/uploads\/2021\/03\/nihongo_top0327-300x199.jpg 300w\" sizes=\"auto, (max-width: 402px) 100vw, 402px\" \/><\/figure><\/div>\n\n\n\n<p>\u3069\u306e\u304f\u306b\u306e\u3000\u3053\u3068\u3070\u3092\u3000\u304a\u307c\u3048\u308b\u3068\u304d\u3067\u3082\u3000\u305f\u304f\u3055\u3093\u3000\u304b\u3044\u308f\u3059\u308b\u3053\u3068\u304c\u3000\u305f\u3044\u305b\u3064\u3067\u3059\u3002\u3042\u306a\u305f\u306e\u3000\u304d\u3087\u3046\u307f\u306e\u3042\u308b\u3000\u308f\u3060\u3044\u3092\u3000\u3061\u3085\u3046\u3057\u3093\u306b\u3057\u3066\u3000\u3042\u306a\u305f\u3088\u3046\u306e\u3000\u3053\u30fc\u3059\u3067\u3059\u3059\u3081\u307e\u3059\u3002<\/p>\n\n\n\n<p>\u3069\u306e\u56fd\u306e\u8a00\u8449\u3092\u899a\u3048\u308b\u3068\u304d\u3082\u3001\u305f\u304f\u3055\u3093\u4f1a\u8a71\u3059\u308b\u3053\u3068\u304c\u5927\u5207\u3067\u3059\u3002\u3042\u306a\u305f\u306e\u8208\u5473\u3042\u308b\u8a71\u984c\u3092\u4e2d\u5fc3\u306b\u3057\u3066\u3042\u306a\u305f\u7528\u306e\u30b3\u30fc\u30b9\u3067\u9032\u3081\u307e\u3059\u3002<\/p>\n\n\n\n<p>It&#8217;s important for studying language to take a lot of time for conversation. We provide your course based your interest.<\/p>\n\n\n\n<p>\u0110i\u1ec1u quan tr\u1ecdng \u0111\u1ed1i v\u1edbi vi\u1ec7c h\u1ecdc ng\u00f4n ng\u1eef l\u00e0 ph\u1ea3i d\u00e0nh nhi\u1ec1u th\u1eddi gian cho cu\u1ed9c tr\u00f2 chuy\u1ec7n. Ch\u00fang t\u00f4i cung c\u1ea5p kh\u00f3a h\u1ecdc c\u1ee7a b\u1ea1n d\u1ef1a tr\u00ean s\u1edf th\u00edch c\u1ee7a b\u1ea1n.  <\/p>\n\n\n\n<div class=\"wp-block-vk-blocks-heading\"><div class=\"vk_heading vk_heading-style-default\"><h4 style=\"color:#000000;font-size:2rem;margin-bottom:1rem\" class=\"vk_heading_title vk_heading_title-style-default\"><span><span>\u5229\u7528\u65b9\u6cd5\uff08\u308a\u3088\u3046\u307b\u3046\u307b\u3046\u3000<br>               How to use this service. <br>               L\u00e0m th\u1ebf n\u00e0o \u0111\u1ec3 s\u1eed d\u1ee5ng d\u1ecbch v\u1ee5 n\u00e0y.)<\/span><\/span><\/h4><p style=\"color:#000000;font-size:1.2rem\" class=\"vk_heading_subtext vk_heading_subtext-style-default\"><\/p><\/div><\/div>\n\n\n\n<p>\u8cbb\u7528\uff08\u3072\u3088\u3046\u3000Cost\u3000Gi\u00e1 c\u1ea3\u3000\uff09\uff1a\u3000\uffe52000\/hour\/time (After 22:00 JST, \\3000\/hour\/time) (including tax)<br>                                                  24:00 JST &#8211; 9:00 JST is out of service<\/p>\n\n\n\n<p>\u5fc5\u8981\u306a\u74b0\u5883\uff08\u3072\u3064\u3088\u3046\u306a \u304b\u3093\u304d\u3087\u3046\u3000Requirement  Y\u00eau c\u1ea7u )<br>\u3000\u3000\u3000\u30d1\u30bd\u30b3\u30f3\uff08PC\uff09\uff1a\u3000\u30a4\u30f3\u30bf\u30fc\u30cd\u30c3\u30c8\u306bWiFi\u63a5\u7d9a\u3055\u308c\u3066\u3044\u308b\u30d1\u30bd\u30b3\u30f3\u304c\u5fc5\u8981\u3067\u3059\u3002\u63a5\u7d9a\u306b\u304b\u304b\u308b\u8cbb\u7528\u306f\u3054\u81ea\u8eab\u3067\u3054\u7528\u610f\u304f\u3060\u3055\u3044\u3002<br>\u3000\u3000\u3000\u3000\u3000\u3000\u3000\u3000\u3000\u3000\u3000\u3000 \u3044\u3093\u305f\u30fc\u306d\u3063\u3068\u306b\u3000WiFi\u305b\u3064\u305e\u304f\u3055\u308c\u3066\u3044\u308b\u3000\u3071\u305d\u3053\u3093\u304c\u3000\u3072\u3064\u3088\u3046\u3067\u3059\u3002\u305b\u3064\u305e\u304f\u306b\u3000\u304b\u304b\u308b\u3000\u3072\u3088\u3046\u306f\u3000\u3054\u3058\u3076\u3093\u3067\u3000\u3088\u3046\u3044\u3057\u3066\u304f\u3060\u3055\u3044\u3002<br>                                     You need PC which you can access Internet on WiFi. The cost for these are yours.<br>                                     B\u1ea1n c\u1ea7n PC m\u00e0 b\u1ea1n c\u00f3 th\u1ec3 truy c\u1eadp Internet tr\u00ean WiFi. Chi ph\u00ed cho nh\u1eefng \u0111i\u1ec1u n\u00e0y l\u00e0 chi ph\u00ed c\u1ee7a b\u1ea1n.\u3000<\/p>\n\n\n\n<p>\u7533\u3057\u8fbc\u307f\u65b9\u6cd5\uff08\u3082\u3046\u3057\u3053\u307f \u307b\u3046\u307b\u3046\u3000How to apply  L\u00e0m sao \u0111\u1ec3 \u0111\u0103ng k\u00ed )<br>          E-mail\u3067\u3001\u5e0c\u671b\u306e\u65e5\u6642\u30fb\u6642\u9593\u3092\u77e5\u3089\u305b\u3066\u304f\u3060\u3055\u3044\u3002 \u4ef6\u540d\u306b\u306f\u3000\u65e5\u672c\u8a9e\u4f1a\u8a71\u6559\u5ba4\u7533\u3057\u8fbc\u307f\u3000\u3068\u3057\u3066\u4e0b\u3055\u3044\u3002\uff11\u56de\u76ee\u306f\u78ba\u8a8d\u3068\u30d2\u30a2\u30ea\u30f3\u30b0\u3092\u3057\u307e\u3059\u306e\u3067\u7121\u6599\u3067\u3059\u3002\u7d9a\u3051\u305f\u304f\u306a\u3051\u308c\u3070\u3001\u30ad\u30e3\u30f3\u30bb\u30eb\u3057\u3066\u304b\u307e\u3044\u307e\u305b\u3093\u3002<br>\u3000\u3000\u3000Let me know day and starting time for you by E-mail. Please fill in &#8220;\u65e5\u672c\u8a9e\u4f1a\u8a71\u6559\u5ba4\u7533\u3057\u8fbc\u307f&#8221; as the subject.  The first time is free charge because we would like to confirm the environment, your Japanese level and interest.<br>        H\u00e3y cho t\u00f4i bi\u1ebft ng\u00e0y v\u00e0 gi\u1edd b\u1eaft \u0111\u1ea7u cho b\u1ea1n qua E-mail. Vui l\u00f2ng \u0111i\u1ec1n &#8220;\u65e5\u672c\u8a9e\u4f1a\u8a71\u6559\u5ba4\u7533\u3057\u8fbc\u307f&#8221; l\u00e0m ch\u1ee7 \u0111\u1ec1. L\u1ea7n \u0111\u1ea7u ti\u00ean l\u00e0 mi\u1ec5n ph\u00ed v\u00ec ch\u00fang t\u00f4i mu\u1ed1n x\u00e1c nh\u1eadn m\u00f4i tr\u01b0\u1eddng, tr\u00ecnh \u0111\u1ed9 ti\u1ebfng Nh\u1eadt v\u00e0 s\u1edf th\u00edch c\u1ee7a b\u1ea1n.<\/p>\n\n\n\n<p>\u9001\u4ed8\u30a2\u30c9\u30ec\u30b9\uff08\u305d\u3046\u3075 \u3042\u3069\u308c\u3059\u3000Address ): sales@ls-tech.co.jp<\/p>\n\n\n\n<div style=\"height:100px\" aria-hidden=\"true\" class=\"wp-block-spacer\"><\/div>\n\n\n\n<p><\/p>\n\n\n<section class=\"veu_contact veu_contentAddSection vk_contact veu_card veu_contact_section_block veu_contact-layout-horizontal \"><div class=\"contact_frame veu_card_inner\"><p class=\"contact_txt\"><span class=\"contact_txt_catch\">\u304a\u6c17\u8efd\u306b\u304a\u554f\u3044\u5408\u308f\u305b\u304f\u3060\u3055\u3044\u3002<\/span><span class=\"contact_txt_tel veu_color_txt_key\"><i class=\"contact_txt_tel_icon fas fa-phone-square\" aria-hidden=\"true\"><\/i>079-506-5607<\/span><span class=\"contact_txt_time\">\u53d7\u4ed8\u6642\u9593 9:00-17:30 [ \u55b6\u696d\u30ab\u30ec\u30f3\u30c0\u30fc\u306e\u55b6\u696d\u65e5 ]<\/span><\/p><a href=\"https:\/\/www.ls-tech.co.jp\/lstech\/index.php\/askyou\/\" class=\"btn btn-primary btn-lg contact_bt\"><span class=\"contact_bt_txt\"><i class=\"fa-regular fa-envelope\" aria-hidden=\"true\"><\/i> \u304a\u554f\u3044\u5408\u308f\u305b <i class=\"fa-regular fa-circle-right\" aria-hidden=\"true\"><\/i><\/span><\/a><\/div><\/section>","protected":false},"excerpt":{"rendered":"<p>\u3069\u306e\u304f\u306b\u306e\u3000\u3053\u3068\u3070\u3092\u3000\u304a\u307c\u3048\u308b\u3068\u304d\u3067\u3082\u3000\u305f\u304f\u3055\u3093\u3000\u304b\u3044\u308f\u3059\u308b\u3053\u3068\u304c\u3000\u305f\u3044\u305b\u3064\u3067\u3059\u3002\u3042\u306a\u305f\u306e\u3000\u304d\u3087\u3046\u307f\u306e\u3042\u308b\u3000\u308f\u3060\u3044\u3092\u3000\u3061\u3085\u3046\u3057\u3093\u306b\u3057\u3066\u3000\u3042\u306a\u305f\u3088\u3046\u306e\u3000\u3053\u30fc\u3059\u3067\u3059\u3059\u3081\u307e\u3059\u3002 \u3069\u306e\u56fd\u306e\u8a00\u8449\u3092\u899a\u3048\u308b\u3068\u304d\u3082\u3001\u305f\u304f\u3055\u3093\u4f1a\u8a71\u3059\u308b\u3053\u3068 [&hellip;]<\/p>\n","protected":false},"author":1,"featured_media":0,"parent":0,"menu_order":0,"comment_status":"closed","ping_status":"closed","template":"","meta":{"_mc_calendar":[],"vkexunit_cta_each_option":"","footnotes":""},"class_list":["post-186","page","type-page","status-publish","hentry"],"_links":{"self":[{"href":"https:\/\/www.ls-tech.co.jp\/lstech\/index.php\/wp-json\/wp\/v2\/pages\/186","targetHints":{"allow":["GET"]}}],"collection":[{"href":"https:\/\/www.ls-tech.co.jp\/lstech\/index.php\/wp-json\/wp\/v2\/pages"}],"about":[{"href":"https:\/\/www.ls-tech.co.jp\/lstech\/index.php\/wp-json\/wp\/v2\/types\/page"}],"author":[{"embeddable":true,"href":"https:\/\/www.ls-tech.co.jp\/lstech\/index.php\/wp-json\/wp\/v2\/users\/1"}],"replies":[{"embeddable":true,"href":"https:\/\/www.ls-tech.co.jp\/lstech\/index.php\/wp-json\/wp\/v2\/comments?post=186"}],"version-history":[{"count":6,"href":"https:\/\/www.ls-tech.co.jp\/lstech\/index.php\/wp-json\/wp\/v2\/pages\/186\/revisions"}],"predecessor-version":[{"id":1048,"href":"https:\/\/www.ls-tech.co.jp\/lstech\/index.php\/wp-json\/wp\/v2\/pages\/186\/revisions\/1048"}],"wp:attachment":[{"href":"https:\/\/www.ls-tech.co.jp\/lstech\/index.php\/wp-json\/wp\/v2\/media?parent=186"}],"curies":[{"name":"wp","href":"https:\/\/api.w.org\/{rel}","templated":true}]}}